{"id":773,"date":"2024-05-30T08:03:52","date_gmt":"2024-05-30T08:03:52","guid":{"rendered":"https:\/\/amesa.com.mx\/Abb\/?product=arrancadores-en-gabinete-plastico-ip65-continuacion"},"modified":"2024-06-03T16:22:20","modified_gmt":"2024-06-03T16:22:20","slug":"arrancadores-en-gabinete-plastico-ip65-continuacion","status":"publish","type":"product","link":"https:\/\/amesa.com.mx\/Abb\/producto\/arrancadores-en-gabinete-plastico-ip65-continuacion\/","title":{"rendered":"Arrancadores en Gabinete Pl\u00e1stico (IP65) (continuaci\u00f3n)"},"content":{"rendered":"<p>Arrancadores en Gabinete Pl\u00e1stico (IP65).<br \/>\nArrancador de alto desempe\u00f1o ADOL3. Incluye contactor multi-tensi\u00f3n serie AF, relevador de sobrecarga serie TF42, Bot\u00f3n doble modular, 2 conectores gl\u00e1ndula Quick Connect\u2122, soportes, taquetes y tornillos para fijaci\u00f3n a muro (continuacion)<\/p>\n","protected":false},"excerpt":{"rendered":"<p>Arrancadores en Gabinete Pl\u00e1stico (IP65). Arrancador de alto desempe\u00f1o ADOL3. Incluye contactor multi-tensi\u00f3n serie AF, relevador de sobrecarga serie TF42, Bot\u00f3n doble modular, 2 conectores gl\u00e1ndula Quick Connect\u2122, soportes, taquetes&#8230;<\/p>\n","protected":false},"featured_media":818,"template":"","meta":{"_monsterinsights_skip_tracking":false,"_monsterinsights_sitenote_active":false,"_monsterinsights_sitenote_note":"","_monsterinsights_sitenote_category":0,"_joinchat":[]},"product_brand":[],"product_cat":[44],"product_tag":[],"class_list":{"0":"post-773","1":"product","2":"type-product","3":"status-publish","4":"has-post-thumbnail","6":"product_cat-arrancador-adol","8":"first","9":"instock","10":"shipping-taxable","11":"product-type-simple"},"aioseo_notices":[],"_links":{"self":[{"href":"https:\/\/amesa.com.mx\/Abb\/wp-json\/wp\/v2\/product\/773","targetHints":{"allow":["GET"]}}],"collection":[{"href":"https:\/\/amesa.com.mx\/Abb\/wp-json\/wp\/v2\/product"}],"about":[{"href":"https:\/\/amesa.com.mx\/Abb\/wp-json\/wp\/v2\/types\/product"}],"wp:featuredmedia":[{"embeddable":true,"href":"https:\/\/amesa.com.mx\/Abb\/wp-json\/wp\/v2\/media\/818"}],"wp:attachment":[{"href":"https:\/\/amesa.com.mx\/Abb\/wp-json\/wp\/v2\/media?parent=773"}],"wp:term":[{"taxonomy":"product_brand","embeddable":true,"href":"https:\/\/amesa.com.mx\/Abb\/wp-json\/wp\/v2\/product_brand?post=773"},{"taxonomy":"product_cat","embeddable":true,"href":"https:\/\/amesa.com.mx\/Abb\/wp-json\/wp\/v2\/product_cat?post=773"},{"taxonomy":"product_tag","embeddable":true,"href":"https:\/\/amesa.com.mx\/Abb\/wp-json\/wp\/v2\/product_tag?post=773"}],"curies":[{"name":"wp","href":"https:\/\/api.w.org\/{rel}","templated":true}]}}